 + 17*j**4/24 + 3*j**3/2 + 1650*j**2. What is i(18)?
-9
Let a(m) be the second derivative of m**5/10 - 2*m**4/3 + m**3/3 - 4*m**2 + m - 873. Calculate a(4).
0
Let g(f) = 2*f**2 - 23*f + 14. Let q be g(11). Let w(a) = 25 - 9 + 5*a - 19 - q*a**2 + a**3 - 3*a. Suppose -29*z + 38*z - 18 = 0. Calculate w(z).
-3
Let h = -69 + 75. Let y be 52*1 + -8 + h. Let q = y - 46. Let w(t) = -t**2 + 7*t - 5. Give w(q).
7
Let r(l) = -l**3 - 25*l**2 - 6*l - 16. Let d(u) = -u**3 - 19*u**2 - 5*u - 17. Let n(s) = 4*d(s) - 3*r(s). What is n(-3)?
4
Let o = -20032 + 20033. Let m(i) = -5*i**3 + i**2 - 2*i + 1. Determine m(o).
-5
Suppose -2*h - 836 + 876 = -t, 0 = -4*h + 3*t + 78. Let y(r) = -r + 6. Give y(h).
-15
Suppose -s + 10 = -61. Let d = -65 + s. Suppose -4*o = 4*h, -2*o - 4*h + d = -5*h. Let x(b) = -b**3 - b**2 + b - 2. What is x(o)?
-12
Let q(x) = -3*x**2 + 39*x - 127. Let k(p) = p**2 - 13*p + 42. Let r(u) = -11*k(u) - 4*q(u). Let t(y) be the first derivative of r(y). Determine t(7).
1
Let b(g) = -47 - 103*g + 12 - 109*g + 205*g - 5. Determine b(-17).
79
Let j be ((-104)/6)/(4/(-6)). Suppose 13*n = -0*n + j. Let q(z) = 2*z**3 - 2*z**2 - 2. Give q(n).
6
Let i(j) be the second derivative of -1/20*j**5 - 11/2*j**2 - 1/6*j**3 + 0 - 25*j - 2/3*j**4. What is i(-8)?
-3
Let b = 341 - 338. Let g(y) = 10*y**3 - 4*y - b*y + 8*y. Let j be 1*(-1 + 0)/1. Calculate g(j).
-11
Let l = -4 - 2. Let i(t) be the first derivative of -2*t**3/3 - 4*t**2 + 5*t - 33926. What is i(l)?
-19
Let u be (-96)/(-40) + ((-24)/20)/3. Suppose -u*f + 12 - 1 = -3*i, -3*f + 10 = 2*i. Let s(c) = 8*c - 5. Determine s(f).
27
Let g(l) = -l**3 + 11*l**2 - 13*l - 41. Let f(n) = 2*n + 6. Let u(v) = -4*f(v) - g(v). What is u(5)?
-108
Let s(o) be the first derivative of -5*o**3/3 + 2*o**2 - 3*o - 292. Let m(g) = 6*g**2 - 5*g + 3. Let f(v) = 2*m(v) + 3*s(v). What is f(2)?
-11
Let s = 4 + -3. Let v(q) be the first derivative of q**6/45 - q**4/24 - 2*q**3/3 - 18*q - 25. Let f(g) be the third derivative of v(g). Calculate f(s).
7
Let r(s) = -s**3 + 9*s**2 - 14*s + 3. Suppose 2*l + 4*l = 42. Let p be r(l). Let h = p + -8. Let k(b) = b**3 + 4*b**2 - 5*b - 3. Give k(h).
-3
Let d(m) = 4*m**3 + 11*m**2 - 7*m - 4. Let i(t) = -10*t**2 + t - 3*t**3 + 4*t + 3 + 2*t. Let q(x) = 4*d(x) + 5*i(x). Let a = -592 - -597. Give q(a).
9
Let y(w) be the second derivative of -w**4/12 + 17*w**3/6 + 15*w**2/2 + 32*w + 3. Suppose 3*l = -3*n + 42, 3*l - 78 = -3*n - 2*n. What is y(n)?
-3
Let r be (24/(-90))/(-3 - -5) + (-6798)/990. Let g(n) = n**3 + 8*n**2 + n - 44. What is g(r)?
-2
Let x be (15/(-10))/((-3)/20). Let o(l) = l**2 - 12*l + 15. Let d be o(x). Let f(p) = -24836 - 7*p - 24840 - 7*p**2 - p**3 + 49675. Determine f(d).
-16
Suppose -6*h + h = 5*f, 4*f + h = 0. Suppose -8*s + 11 + 13 = 0. Let k(y) = -y + f + s*y + 7 - 3. What is k(-3)?
-2
Let v(j) = -6*j - 2. Let m(a) = a**3 - 30*a**2 + 30*a - 30. Suppose g = -5*g + 174. Let f be m(g). Give v(f).
4
Let f be 1/(-2)*5/10*0. Suppose 15*r - 17*r + 16 = f. Let k(j) = j - 1. Calculate k(r).
7
Let y(p) be the second derivative of 0 + 3/2*p**3 + 7/24*p**4 - 1/120*p**5 + 0*p**2 - 8*p. Let s(d) be the second derivative of y(d). Determine s(-5).
12
Let j be 5/(-7 + 2) + -3 + -1. Let b(p) be the second derivative of -p**5/20 - 5*p**4/12 + p**3/6 - p**2/2 + 47*p. Give b(j).
-6
Let p be -6 + 2 + (10 - -10). Let i be p - (-4 + 6)/1. Let s(l) = -1 - 3*l**2 - 11*l + i*l + 0 - 5*l. Determine s(-3).
-22
Let g(f) = -f. Suppose 65 = 3*h + k, -4*h - 2*k + 21 = -69. Suppose -3*l - 4*q + h = -6*q, q = -l. What is g(l)?
-4
Let d(y) = -3*y**2. Suppose -5*w = -2*m - 17, 69 + 30 = -4*m - 3*w. Let a be m/(-35)*5 - (2 - -2). Determine d(a).
-3
Suppose 21*s - 3*s = 144. Let v be (s + 64/(-6))*-3. Let p(o) = o**3 - 9*o**2 + 3*o - 10. Determine p(v).
-50
Let u(y) = -y**3 + 14*y**2 - 5*y + 51. Suppose -4*m + 821 = 765. Calculate u(m).
-19
Let q(u) = 20*u**2 + 208*u + 141. Let t(o) = o**2 + 11*o + 8. Let z(b) = -2*q(b) + 39*t(b). What is z(-3)?
-18
Let p(u) = u**3 + 3*u**2 - 11*u + 5. Let s = -49 + 43. Let r be 7/((-56)/s) - (-23)/(-4). Let j be p(r). Let b(o) = o**2 - 10*o + 3. Determine b(j).
3
Suppose -44 = -7*z + 5. Let w(a) be the third derivative of 0*a - 2/3*a**3 + 0 - 1/4*a**4 + 3*a**2 + 2/15*a**5 - 1/120*a**6. Give w(z).
3
Let s(v) = -4*v - 10. Let w(c) = 17*c + 40. Let i(f) = 9*s(f) + 2*w(f). Let q be i(-7). Let l(m) = -m + 4 - q - 5. Calculate l(-4).
-1
Let q(u) be the first derivative of -17*u**4/4 + 2*u**3/3 + u**2 + u + 9. Suppose 12*h = -13*h - 25. Calculate q(h).
18
Suppose -2*k = 4*l + 2*k - 16, k = -3*l + 12. Suppose 0 = -4*f - 3*y - 3, -2*f - 3*y + 5 - 14 = 0. Let a(w) = -2*w**f - 3*w + l*w**2 - 41 + 41. Give a(2).
-6
Let o(b) = 18*b + 68. Let m = -3689 - -3685. Determine o(m).
-4
Let l(q) = q**2 + 11*q + 9. Let s = -15013 + 15011. Give l(s).
-9
Let v = -42460 + 42459. Let k(n) = -5*n**2 - 46*n - 45. What is k(v)?
-4
Let j(m) = m**3 + 8*m**2 + 3. Let g(c) = -2*c**2 - 3*c + 1. Let s(p) = -2*g(p) - j(p). Let i(u) = -5*u + 15. Let x be i(4). Give s(x).
-10
Let p(b) = -b**2 + 3*b + 6. Let t be p(5). Let w(l) = -844*l - 838*l - l**3 - 731*l + 2416*l - 3 + 2 - 3*l**2. What is w(t)?
3
Let o(i) = 7*i**2 + 31*i - 14. Let w(f) = -11*f**2 - 63*f + 25. Let v(z) = -5*o(z) - 3*w(z). Calculate v(17).
-5
Let p(a) = 3*a**2 - 8*a - 34. Let g(r) = -17*r**2 + 41*r + 184. Let y(i) = 2*g(i) + 11*p(i). Calculate y(-6).
-6
Suppose 142*m + 3025 = 21*m. Let v(x) = x**2 + 17*x - 185. Give v(m).
15
Let q(k) be the first derivative of -16 - 4*k**2 + 1/3*k**3 - 5*k. Suppose -d + 5 = -3. Give q(d).
-5
Suppose -8 = -0*g - 2*g + 4*h, 4*g - 6 = -2*h. Let a(x) = 33*x + 0*x**2 + 3 - 30*x + 3*x**2 - 2*x**g. What is a(-5)?
13
Let h = 27 - 148. Let a = h - -119. Let t(k) = k. Let l(g) = 2*g + 2. Let p(y) = -l(y) + 5*t(y). What is p(a)?
-8
Let p(q) = -8*q + 7. Suppose -313*f - 3*r - 41 = -318*f, -4*r + 32 = 2*f. Calculate p(f).
-73
Let v(o) be the second derivative of o**8/6720 - o**7/420 - o**6/80 + o**5/10 + 25*o**4/3 + o + 47. Let r(k) be the third derivative of v(k). What is r(7)?
-2
Let b = 121 + -29. Suppose 15*p - 2 = -b. Let r(f) = f + 12. Determine r(p).
6
Let k be (2 - (2 - 0))*(-1)/1. Let s(n) = 4*n + 2*n + k + 1 - 5*n. Suppose 5 = -2*x - 7. Calculate s(x).
-5
Let j(v) = -1 + 0 - 2*v + v + 10*v. Suppose -3*x = u + 11, 14*x - 17*x + 1 = -5*u. Give j(x).
-28
Suppose 4*r + 4*w = 6 + 26, 0 = 4*r - 3*w - 25. Suppose r*x - 51 = -16. Let o(i) = 4 + x + i - 2*i + 1. Determine o(7).
3
Let y(v) = -v**2 - 7*v + 2. Let p be y(-7). Suppose -p*d = 7 + 5. Let r(k) be the first derivative of -k**3/3 - 7*k**2/2 + k - 2207. Calculate r(d).
7
Let u(s) = s**3 - 4*s**2 - 2*s + 10. Let z be 8 + (-72)/4 + 13. What is u(z)?
-5
Let z(t) = 62*t + 555 - 565 - 12*t + t. Calculate z(-1).
-61
Suppose -m + 0*m + 15 = 5*d, 0 = -2*m. Let s(f) = -77*f + d + 124*f - 45*f. Give s(-7).
-11
Let j(o) = o**2 + 15*o - 22. Suppose 0 = 5*w - 2*k + 124, -4*w = -2*w + 2*k + 44. Let f = 8 + w. Calculate j(f).
-6
Let s(p) = -10*p**2 - 15*p**2 + 24*p**2 - 7*p + 5 + 2*p. Suppose -3*u - 24 = -7*u + 2*i, -u = -4*i + 8. Suppose -17 = 5*r + u. What is s(r)?
5
Let c(o) = -11*o**3 - 9*o**2 - 35*o - 37. Let w(a) = 5*a**3 + 5*a**2 + 17*a + 18. Let g(l) = -6*c(l) - 13*w(l). Let y be (-1 - 6)/(175/(-300)). Calculate g(y).
0
Suppose 2*c = -5 - 35. Let o = -25 - c. Let a(v) = -14 - v**2 + 6 - 5*v + 7 + 5. Give a(o).
4
Let b(c) be the first derivative of 5*c + 1/4*c**4 + 5/3*c**3 + 123 - 3/2*c**2. What is b(-4)?
33
Suppose 0 = 77*l - 61*l - 256. Let r(t) = -9*t + 137. Determine r(l).
-7
Let f(v) be the first derivative of -v**2/2 - 7*v + 1. Let n be (-3*(-1 + -2 + 4))/((-862)/1724). Give f(n).
-13
Suppose 4*x = 4*k - 136, x + 2*x + 104 = k. Let d = x - -38. Let r(j) = 8 + j**2 - 6*j**d + 14*j**3 - 7*j**3. Determine r(0).
8
Let x(p) be the third derivative of -2*p**5/3 - p**4/12 - p**3/3 - 14*p**2. Let n be x(-1). Let d = 47 + n. Let r(a) = a**2 - 5*a - 9. What is r(d)?
5
Let y(i) be the first derivative of -i**3/3 + 7*i**2 - 5*i + 2230. Determine y(13).
8
Let g(m) = -m**3 - 22*m**2 - 20*m - 21. Let k be 104/(-5) + -1 - 2084/(-2605). Give g(k).
-42
Let o(b) = 4*b**2 - 2*b + 1. Let j(x) = -3*x**2 - 5*x + 11. Let r(p) = j(p) + o(p). Let s be 17/3 + (-1)/(-3). Let t be r(s). Let m(v) = 